. Suppose a = -6*w + 3*w + 138. Let x = 80 - w. Is x a prime number?
False
Let d = 55504 - 38169. Is d a composite number?
True
Let y(r) = -5*r - 6. Let o be y(-3). Is 1 + 9/(o/50) a prime number?
False
Let k(l) = l - 24 + 2*l**2 + 20 - l**2. Let t be k(-3). Suppose -t*r + 1129 = -1113. Is r a prime number?
False
Let m = -19 + 19. Let q be -1 - (-4 + 1) - m. Suppose -29 = q*n + 2*t - 129, 0 = -5*n + 5*t + 240. Is n a composite number?
True
Suppose -3376*o - 37809 = -3385*o. Is o a prime number?
True
Let s = 5493 + -3900. Suppose -3*n - 2*j + 7*j = -967, -5*n - j = -s. Is n prime?
False
Suppose -5*m + 157 = 3*b - 93, 5 = -5*m. Is b a composite number?
True
Suppose -3 - 19 = 2*w. Let q = 10 + w. Is 422*(2 + q)/2 a prime number?
True
Suppose d - 2*i = 4 - 0, -5*d = -2*i - 44. Suppose 3*s - n = -5*n + 5, 3*s - n = d. Suppose -2*q = -4*k + 1828, s*k - 5*q + 285 = 1656. Is k a composite number?
False
Suppose 4*o + 2*s + 2 - 14 = 0, -o = -5*s + 8. Suppose o*b = 4*b. Suppose 3*g + 4*q = 609, b*g + g - q - 203 = 0. Is g composite?
True
Suppose 178*b = 171*b + 100597. Is b composite?
True
Let s(d) = -1118*d**3 + 2*d - 1. Is s(-2) a prime number?
False
Suppose -5 - 15 = -r. Suppose 13*s - r = 9*s. Suppose -3*c = -s*c + 1006. Is c a composite number?
False
Let l = -3398 + 5295. Is l a prime number?
False
Suppose 4*l - 5 = -2*s + 5, 24 = 3*l - 4*s. Let t be l - (1 - 3)*-2. Suppose 0 = -3*j, -5*i - j + 575 + 240 = t. Is i prime?
True
Suppose -3*o + w = -1470, -o = -2*o - 2*w + 483. Is ((-40)/12)/((-2)/o) a prime number?
False
Let y(b) = b**2 - 4*b - 8. Let l be y(6). Is (3/3)/l - (-86)/8 composite?
False
Let r(z) = 2*z**2 + 4*z + 2. Let v be r(-2). Suppose -101*q + 28 = -99*q. Suppose -200 + q = -v*c. Is c composite?
True
Let l(p) = -146*p - 11. Let z(t) = t - 12. Let r be z(6). Is l(r) prime?
False
Is 77972 + (-11 - (11 + -13)) prime?
False
Suppose 755*x = 776*x - 1850709. Is x a prime number?
True
Suppose -t = -5*t - 3*u + 59, t - 11 = 3*u. Is t/4*(-2522)/(-13) prime?
False
Suppose -2*c - 9753 - 22493 = -2*a, -c = -4*a + 64504. Is a a prime number?
True
Let y(d) = d**3 - 4*d**2 - 2*d - 3. Let h be y(13). Suppose 2*a + 3*i - h = -0*i, 2*i = 3*a - 2251. Is a a composite number?
True
Let l(b) = 481*b**3 - 2*b**2 - 7*b + 5. Is l(3) a composite number?
False
Suppose -2*k + 2114 = -4*b, -3*b + 0*k = 3*k + 1608. Let x = b + 926. Is x a composite number?
True
Suppose -38*p + 46*p - 16128 = 0. Let j = p - 1061. Is j composite?
True
Let o(q) = -q + 1. Let n be o(7). Let c be (-765)/n*8/10. Let p = c + -9. Is p a prime number?
False
Suppose 3*k - 5*z = 3 - 11, -4*k + 3*z = -4. Suppose -k*y + 7*y + 18 = 0. Let x(p) = -63*p - 5. Is x(y) a composite number?
False
Let k = 24731 + -17544. Is k a prime number?
True
Let q(c) = c**2 + 1. Let m(i) = -56*i**2 - 5*i - 9. Let g(x) = m(x) + 2*q(x). Let n(a) be the first derivative of g(a). Is n(-4) a prime number?
False
Let d = 11 + -11. Suppose d = 4*o + 72 - 200. Suppose 3*l - 10 = o. Is l a composite number?
True
Suppose -69591 - 28064 = -5*q. Is q composite?
False
Suppose -6*d + 28 = 178. Let p = 203 + d. Is p a composite number?
True
Is (1/7)/1 - 1706230/(-679) prime?
False
Let d(t) = 289*t**3 + 3*t**2 - 10*t + 15. Is d(2) a composite number?
True
Suppose -33*w + 7*w = -55978. Is w prime?
True
Is (2 + (2219 - -5 - 5))*1 prime?
True
Let n(f) = -1388*f - 37. Is n(-3) a composite number?
False
Let w be 2844/45*(-10)/4. Let b be -1 + -1 + 1 + 3. Is b + -2 - (w - -1) composite?
False
Let v = -297 - -1084. Is v a prime number?
True
Let i = 28 + 2259. Is i composite?
False
Let w(v) = -v - 8. Let h be w(-14). Suppose 4782 = h*b - 0*b. Is b a prime number?
True
Let d = 8597 + -5406. Is d composite?
False
Is 4/42 - 38785/(-21) prime?
True
Suppose -4*d - 2*d = 0. Suppose 2*h + 5 = -3*h, 2*a + 4*h + 726 = d. Let n = 156 - a. Is n a prime number?
False
Let f(x) = -x**2 - 8*x + 2. Let w be f(-7). Let y = -9 + w. Suppose 2*h + 5*q - 113 = y, -5*q + 2*q = -9. Is h a composite number?
True
Suppose 4*k = -2*i + 15334, 3*i - 5*k = 16963 + 6049. Is i composite?
False
Let v(n) = -n**3 - 17*n**2 + 13. Let x be v(-17). Suppose -5*s + u = -19, 3*u - 7*u = s + x. Suppose 5*i - 2*r = 1499, -7*r - 606 = -2*i - s*r. Is i composite?
True
Is (3/(18/(-6526)))/(39/(-117)) prime?
False
Let m(v) = -v**3 - 3*v**2 - 8*v + 7. Is m(-10) a prime number?
True
Is 2/(-10) - 22104/(-45) a prime number?
True
Suppose 11*j - 825 = -44. Let x be (-3)/(1 - (-25)/(-26)). Let k = j - x. Is k a prime number?
True
Let j be 74/(-3) + 4/6. Let a = -20 - j. Suppose -2*q + 46 = -4*l, -a*q - q + 97 = -l. Is q prime?
True
Let h = -15 + 13. Is (2 - -1)*((-2800)/(-12) + h) a composite number?
True
Suppose 9*b = 28 + 44. Suppose -7*i = -b*i + 127. Is i composite?
False
Suppose -4*k = 3*l + 9, 0 = 4*k + k + 3*l + 9. Let i(b) = -3*b - 2. Let o be i(-2). Is (k - o - -3)*-51 a prime number?
False
Suppose 15*w - 11*w = -10184. Let c = 3985 + w. Is c a composite number?
False
Is (-39 - -38) + (-3)/3 + 45405 composite?
False
Let d = 53 - 51. Suppose 4*v - 3*b + 1698 = 6299, 2298 = d*v - 4*b. Is v a composite number?
False
Let d(l) = -l**3 - 9*l**2 + 11*l + 14. Suppose 0*i = -3*i + 3*a - 78, 2*i = 4*a - 58. Let o = i - -13. Is d(o) composite?
True
Suppose -75 = c + z + 685, -5*c + 3*z = 3800. Let w = -398 - c. Is w a composite number?
True
Suppose 4*l - 9 = 4*x - 1, 4*l + 2*x = 38. Let s be 514/7 - (-4)/l. Suppose i - 3*o - s = 0, 2*o = -0*i + 4*i - 346. Is i composite?
False
Let f = 16 + 667. Is f a composite number?
False
Let l = 12202 + 4951. Is l composite?
True
Suppose -80*y + 2*j = -77*y - 2155, -y + 716 = -3*j. Is y a prime number?
True
Is 26847177/315 + (-10)/(-225)*-3 a prime number?
True
Let v(t) = 12*t + 3. Let p be v(2). Let a = p + -23. Suppose 1004 = 4*r + 5*c, -3*c - 29 = a*r - 1033. Is r prime?
True
Let q(d) = -d**2 + 1. Let r(c) = c**3 + c - 94. Let v(g) = -q(g) - r(g). Suppose 0 = 3*l - 2*l. Is v(l) prime?
False
Let v = -26 + 2. Is 789/9 + v/(-18) composite?
False
Suppose 22*b = 26*b - 8. Suppose 529 = b*i - 309. Is i a prime number?
True
Is 30/12*(-93370)/(-25) prime?
True
Suppose -4*j - 5*u - 192 = 95, 370 = -5*j + 5*u. Let l = 170 + j. Is l a prime number?
True
Suppose 2*o - 32 = -3*r, -4*o + r = -r - 64. Suppose -o*s = -18*s + 614. Is s a composite number?
False
Let o = -2917 + 5841. Suppose m - 5*m = -o. Suppose 7*h - 1165 = 2*h + 4*f, -3*h - 4*f = -m. Is h a composite number?
True
Let x = 28 + -20. Suppose 20 = x*w - 12*w. Is w/(10/41)*-14 prime?
False
Let b(l) = l**2 + 3*l - 3. Let u(k) = -k. Let m(r) = -b(r) + 4*u(r). Let w be m(-8). Is (-747)/w - (-8)/(-20) composite?
False
Suppose 2*i - 2 = i. Is i + ((-2410)/6)/(3/(-9)) prime?
False
Let j be 18/(-63) - (-6)/21. Let m(q) = -q - 4. Let o be m(j). Is o/(-6) + 2954/6 composite?
True
Suppose -3*m - 4*q - 10 = -m, 8 = -4*m - 5*q. Let w(f) = f - 5*f + 119*f**2 - 4 + 5 + m*f. Is w(-2) a prime number?
True
Let j be (-2)/((-2)/20*-2). Is (-472)/(-10)*j/(-4) prime?
False
Let z(j) = -2*j**3 + j**2 - 13*j + 10. Let f be z(4). Let k = f - -1835. Is k a prime number?
False
Let t(h) = h - 1. Let l(f) = -282*f + 9. Let g(p) = -l(p) - 15*t(p). Let w be g(-6). Is (w/36)/(1/(-3)) a prime number?
False
Let y(v) = -2*v**3 + 35*v**2 - 12*v - 235. Is y(-26) a composite number?
False
Let s(v) = 939 - v - v + 1049 + 3*v. Let p be s(0). Let n = p + -1415. Is n a composite number?
True
Suppose -z = d - 6621, -2*d - 6028 + 19258 = -4*z. Is d a composite number?
False
Is ((-1438)/(-6))/(1/3) a composite number?
False
Let v be 1/(-4) - 23649/12. Let f = v - -1011. Let o = -565 - f. Is o a composite number?
True
Let h = -62 - -62. Suppose 0 = -2*a - 2*a. Suppose -2*p = 2*g - a*p - 70, -3*g + 3*p + 117 = h. Is g a composite number?
False
Suppose -b = -3*b + 28. Let w be b/((-46)/(-14) - 3). Suppose 2*t - w = t. Is t a composite number?
True
Is ((-416864)/18 + (-5)/(-45))*-1 prime?
True
Let h be (1 - 3) + 101/(-1). Suppose s + 270 = 24. Let b = h - s. Is b a composite number?
True
Let f be (-2)/5 + 27/(-45) - -4. Suppose 3*r - 1035 = a, f*r - 5*r = 2*a - 698. Is r composite?
True
Suppose -y + 0*y = -2*g - 3, 0 = -5*g + y - 12. Let h be ((-15)/g - -3) + -3. Let w(t) = 2*t**2 - 2*t + 6. Is w(h) composite?
True
Let q(u) be the first derivative 